 of (-42)/((11/(-6))/11).
2, 3, 7
Suppose -g + 171 = -3*o, 65 = -o + 3*g - 0*g. Suppose 0 = 5*n + 15, -n + 3*n - 64 = 2*x. Let c = x - o. List the prime factors of c.
3, 7
Let v = 0 + -1. Let c be (-1 + v)/((-4)/8). Suppose -c*n = -0*n - 40. What are the prime factors of n?
2, 5
Let c(g) = 0*g - 2*g + 6*g + 1 + g**2 - 2*g**3 - 2*g. Let a be c(-1). List the prime factors of a - (1 + 57/(-3)).
2, 5
Suppose 3*m + 2*m - 10 = 0. Suppose 0 = -n - 2*x - 4, 2*n - m*x - 24 = 2*x. What are the prime factors of n?
2
Let o = 5 + -8. Let b be o*(2 + (-30)/9). Suppose -11 = -b*s + 1. List the prime factors of s.
3
Let m(x) = x**3 + 7*x**2 - 2*x + 5. Let a = -17 + 10. What are the prime factors of m(a)?
19
Let x = -44 - -62. List the prime factors of x.
2, 3
Let y(i) = -i**2 + 7*i + 9. Let j(x) = x**2 - 7*x - 9. Let p(h) = -6*j(h) - 7*y(h). List the prime factors of p(9).
3
Let h be (6/(-10))/(4/(-20)). Suppose -h = x - 5. What are the prime factors of x?
2
Suppose 3*m - 120 = 93. Suppose m = -5*k + 16. Let n = k - -26. What are the prime factors of n?
3, 5
Suppose a + 7 = 45. Suppose -2*d + 0*d + a = 0. What are the prime factors of d?
19
Let a be ((-2)/3)/(6/(-27)). Let t be a/24*6*-4. What are the prime factors of 4 + (t - (-1 - 0))?
2
Suppose -g - 4 + 50 = 0. Suppose -2*b + 0*p = -3*p + 7, 0 = 5*b + 2*p + g. What are the prime factors of (b/3)/2*-3?
2
Let l(f) be the first derivative of -f**2/2 + 2*f + 1. Let w be l(5). Let j = w + 13. List the prime factors of j.
2, 5
Let j(v) = -v + 3. Let a be j(0). Suppose -5 = a*i - 17. Suppose 4*t + 2*u + 18 = 6*t, 5*t - i*u - 46 = 0. List the prime factors of t.
2, 5
Suppose -4*p - 9 = -v, -4 = -5*v - p - 1. List the prime factors of (v/1)/((-1)/(-15)).
3, 5
Let s(q) = 11*q + 10. What are the prime factors of s(7)?
3, 29
Let s(c) = -c**3 - c**2 - 6*c + 1. What are the prime factors of s(-3)?
37
Suppose 4*n - 20 = -n. List the prime factors of n.
2
Let j be (-2)/(-2)*(-138)/6. Suppose -4*a - 28 = -156. Let h = j + a. List the prime factors of h.
3
Suppose 3*k - 9 = 69. What are the prime factors of k?
2, 13
List the prime factors of -3*(2 - 3) - (-138)/2.
2, 3
Let x(t) = -t**3 + 8*t**2 - 7*t + 3. Let w be x(7). Suppose -71 = 5*r + 3*h, w*r + 4*h + 1 = -35. List the prime factors of (-2)/(-5) + r/(-10).
2
Suppose 0 = -4*q - i - 8, 2*i + 2*i = 2*q + 4. List the prime factors of q/7 - 48/(-21).
2
List the prime factors of (-226)/(-8) - 16/64.
2, 7
Let t be (2/2 - 1)/1. Suppose -m + 3*m + 12 = t. Let v(o) = o**3 + 5*o**2 - 9*o - 7. What are the prime factors of v(m)?
11
Let p(h) = 2 + 3*h - 3*h + h. Let i be p(2). Let u = i + 0. What are the prime factors of u?
2
Suppose 5*d + 26 = -x, -3*d = x - d + 14. Let w be ((-4)/x)/(3/9). Suppose -w*j + 22 = -0*j. List the prime factors of j.
11
List the prime factors of (10/8)/(5/420).
3, 5, 7
Let n = 4 - 8. List the prime factors of (-819)/(-35) - n/(-10).
23
Suppose 3*n - 2*n = -5*d + 10, -2*d = 4*n + 14. Suppose 0 = 3*b + d - 138. List the prime factors of ((-4)/3)/((-6)/b).
2, 5
Suppose 2*g - 112 = -4*u + 3*u, -5*u - 250 = -5*g. Let f = g + -29. List the prime factors of f/3 + 18/27.
3
Suppose 2*p + 2*p + 16 = 0. Let n(j) = -2*j + 1. What are the prime factors of n(p)?
3
Let o = -38 - -53. What are the prime factors of o?
3, 5
Let z = -53 - -106. What are the prime factors of z?
53
Let l = 3 + 0. Let t be (-3 - -2)*l*-1. Suppose 5*k - 39 = -t*g + 2*g, 4*k - 16 = 3*g. List the prime factors of k.
7
Suppose 52 = n + q, 9*n - 7*n - 5*q = 83. List the prime factors of n.
7
Let t be (-124)/(-44) - (-2)/11. Suppose 3*x - a - 2 = t, 2*x - 3*a = -6. What are the prime factors of x?
3
Let x be (-9)/2*4/(-6). Let b(m) = 10*m**3 - m**2 - 2*m - 1. Let i be b(-1). Let p = x - i. List the prime factors of p.
13
Suppose 16 = 5*r - r. What are the prime factors of r/(4/31) - -1?
2
Let p(y) be the third derivative of -y**5/60 + y**4/4 + 3*y**2. Let o be p(5). Let q = 13 + o. List the prime factors of q.
2, 3
Suppose 0 = 5*k - 2*i + 8, i = -i + 8. Let h be (-6)/8 + 37/(-4). Let m = k - h. List the prime factors of m.
2, 5
Let l = 72 + 2. What are the prime factors of l?
2, 37
Let j(m) = 4*m + 3. Let q be j(-3). Suppose -2*s = -p - 2 + 12, -3*p + 40 = 4*s. List the prime factors of q*(p/(-9) + 0).
2, 3
Let q(a) = 2*a. Suppose 2*w = -5 - 3. Let m be 1*(-3)/6*w. List the prime factors of q(m).
2
Suppose -4*m - 16 = 4*z, -4*m - 10 = m. List the prime factors of 1 - (z/(-2) + -27).
3
Let d(z) = z**3 + 21*z**2 + 17*z + 43. What are the prime factors of d(-20)?
103
Suppose 2*j - 6*j - 2*d + 140 = 0, -4*j + 112 = -5*d. List the prime factors of j.
3, 11
Suppose 5*v = -2*k - 1, 3*v + 0*v = -5*k + 26. Let q(t) = t**2 - 6*t - 3. Let b be q(k). Suppose 0 = -b*x - x + 100. List the prime factors of x.
2, 5
Let s be 5/(-25) - (-32)/10. Suppose s*d + 2*d - 145 = 0. What are the prime factors of d?
29
List the prime factors of 69 - (-1 - (-16)/12)*-6.
71
Let q = -59 + 65. What are the prime factors of q?
2, 3
Let i(y) = 3*y - 3. Let t(b) = 7*b - 6. Let f(j) = 5*i(j) - 2*t(j). What are the prime factors of f(7)?
2
Suppose -117 + 15 = -3*r + 4*f, 0 = 2*f. What are the prime factors of r?
2, 17
Let c = -5 - -7. Let r = 10 + c. Suppose -3*q = -r - 21. List the prime factors of q.
11
Suppose 3*i = 69 - 6. What are the prime factors of i?
3, 7
Let k be -10*3/(-6)*1. Let a be (k/(-2) - 0)*-4. Let g = a + -6. What are the prime factors of g?
2
Let o = -122 - -153. List the prime factors of o.
31
Suppose 0 = -0*n + 4*n, 2*m + 34 = -5*n. Let c = 28 + m. What are the prime factors of c?
11
Suppose -c = -2*i - 14, 5*c - 5*i - 4 = 61. Let t = c - 9. What are the prime factors of t?
3
Suppose 3*t - 6 = 15. Suppose 0 = t*b - 3*b - 28. List the prime factors of b.
7
Let s(r) = 24*r - 31. What are the prime factors of s(6)?
113
Let v be (10 - -5)*(-2)/6. Let r = 30 + v. List the prime factors of r.
5
Suppose 9 = -3*x + 309. List the prime factors of x.
2, 5
Let f be (-4 - 0)*(-5)/(-4). Let o(c) = -c**2 + 6. Let y(k) = k**2 - 7. Let u(q) = f*y(q) - 6*o(q). What are the prime factors of u(-2)?
3
Let g = -36 + 54. Suppose -4*c + g = 2*v - 0, 3*v = -3*c + 15. List the prime factors of c.
2
Let j = -15 + 28. Let f = j - 0. List the prime factors of f.
13
Suppose 8*z - 4*z - 148 = 0. List the prime factors of z.
37
Suppose -2*u + r - 102 + 13 = 0, 4*r + 242 = -5*u. Let f = 73 + u. List the prime factors of f.
3
Let c(f) = f**2 - 3*f + 6. What are the prime factors of c(6)?
2, 3
Let y(h) = -h**2 - 4*h + 3. Let j be y(-6). Let x be 3/(7/(28/(-12))). List the prime factors of 51*(6/j - x).
17
What are the prime factors of 8/(4/1) - -22?
2, 3
Let p(o) = 2*o**2 - 6*o - 8. Suppose -2*j + 5*j - 18 = 0. What are the prime factors of p(j)?
2, 7
Let x(q) = 7*q**2 - 2*q. Let d = 3 + -1. Let j be x(d). What are the prime factors of -1 + -1 + j/1?
2, 11
Let t(m) = m**3 - 5*m**2 - 7*m + 8. Let y be t(6). Suppose -n + 45 = -w, n - y*w = 46 + 1. What are the prime factors of n?
43
Let c = -286 + 10. Let o be 2/(-5) + c/(-15). Let r = o + -7. List the prime factors of r.
11
Let n be 4 - 1/(-1 - -2). Let u(y) = -y**2 - 3*y + 16. Let q be u(-5). Suppose 2*c + q = 0, 8*o + 5 = n*o - 5*c. What are the prime factors of o?
2
Suppose -1 + 3 = 4*s + 2*f, -4*f = -5*s - 30. Let v = s - -4. What are the prime factors of v?
2
What are the prime factors of (-1720)/(-15) - 2/3?
2, 3, 19
Suppose -l = 5*q - 824, 0*q + 166 = q - l. What are the prime factors of q?
3, 5, 11
Suppose -n + 5*n - 10 = 2*b, 2*b = 5*n - 12. Suppose -u = n*u. Suppose u*g + 8 = g. List the prime factors of g.
2
Let z(w) = -9*w. Let r be z(-1). What are the prime factors of r/(-1)*20/(-12)?
3, 5
Suppose 0*j = -2*j + 10. Suppose j*l + 3*x - 2 - 30 = 0, 12 = 3*x. What are the prime factors of l?
2
Let n(j) = 20*j + 5. What are the prime factors of n(3)?
5, 13
Suppose 38 = -13*u + 15*u. What are the prime factors of u?
19
What are the prime factors of (-213)/6*(-4 - 1 - -1)?
2, 71
Suppose 3*p + 2*p - 205 = 0. List the prime factors of p.
41
Let t be 7/2 + 3/6. Suppose t*y - 5*y = 0. Suppose 4*q = w + 16, y*q + 3*w - 4 = -q. List the prime factors of q.
2
Let m = -686 - -1244. List the prime factors of 4/(-10) + m/45.
2, 3
Suppose -543 = -19*b + 3656. What are the prime factors of b?
13, 